reatest common divisor of c and 88?
11
Suppose -381 = -h - 128. Let i(o) = 2*o**2 + 12*o - 3. Let n be i(-7). Suppose -n*v + 3*v + 184 = 0. Calculate the greatest common divisor of v and h.
23
Suppose 10*n = 4*n + 384. Let x = 209 - 49. Calculate the highest common divisor of n and x.
32
Let m = -6 - -18. Let q = -11 - -206. Let d = q + -87. Calculate the greatest common factor of d and m.
12
Let i be 29/3 + 4/(-6). Suppose -4*y - 31 = -4*x + 57, -2*x + 3*y + 39 = 0. What is the highest common divisor of x and i?
9
Let z be (9/(-6))/(4/(-8)). Suppose -2 = p - z*p. Let t be (-3)/((-12)/284) + p. Calculate the highest common divisor of t and 8.
8
Let w(f) = f**3 - 5*f**2 - 30*f + 130. Let l be w(8). What is the highest common factor of 8 and l?
2
Suppose 0 = -4*i + 12*i - 1768. What is the greatest common factor of i and 85?
17
Suppose 363 = 2*w - 3*h, -13*w + 10*w + 4*h = -544. Calculate the highest common divisor of w and 36.
36
Let o(f) be the first derivative of 3*f**2 + 2*f - 5. Let j be o(2). Suppose 56 = 2*s + 2*s. Calculate the highest common factor of s and j.
14
Suppose 0 = -3*k + 6, k = 228*r - 225*r - 34. Suppose -4*c - 237 = -c. Let x = -49 - c. What is the greatest common factor of r and x?
6
Let l(i) = i - 6. Let c be l(10). Suppose 2*q - 24 = -c*q. Suppose -m = -q*m + 120. What is the greatest common divisor of m and 20?
20
Suppose -26*h - 230 = -25*h. Let z = h - -384. Calculate the greatest common divisor of 14 and z.
14
Let a(w) = -27*w + 2. Let c be a(-3). Suppose -6*u = c - 239. Calculate the highest common factor of 286 and u.
26
Let p be (-8)/4 - -9 - 4. Suppose -x + p*x = -2*o + 8, 4*x - 18 = -3*o. Let d be (4/x)/((-2)/(-75)). What is the highest common divisor of d and 75?
25
Suppose -5*l - f = -991, -21*f - 787 = -4*l - 16*f. Calculate the greatest common divisor of l and 110.
22
Suppose -29*u + 964 = 94. What is the highest common divisor of 18 and u?
6
Let u = -150 + 230. Calculate the greatest common factor of u and 32.
16
Let f(g) = 17*g**3 - 2*g. Let l be f(-2). Let w = l - -284. Let k be ((-8)/12)/((-2)/57). What is the highest common divisor of w and k?
19
Let m(z) = -4*z + 6. Let s(x) = -x - 4*x + 0*x + 6*x. Let y(p) = m(p) + 3*s(p). Let h be y(3). What is the highest common factor of h and 24?
3
Let d = -258 + 302. What is the highest common factor of 11 and d?
11
Let k be (-2)/(-13) - (-12)/(-78). Suppose k = -7*v + 8*v - 48. Calculate the greatest common divisor of v and 16.
16
Let w be (-1)/((-15)/(-2)) + 3712/(-60). Let z = w - -73. Suppose 165 = 5*m - 55. What is the highest common factor of m and z?
11
Let j = -14 + 19. Suppose 4*w - b - 177 = 0, j*w + 3*b - 45 = 189. What is the highest common factor of 5 and w?
5
Let b be 1 - (-1 - -4) - -32. Let s be -27*(3 - b/9). Suppose 3*y = 3 + 12, -5*m + 500 = y. Calculate the greatest common factor of m and s.
9
Suppose 12*w = 16*w - 320. Let t be 136/(-6) + (-8)/(-12). Let d = -12 - t. Calculate the highest common divisor of w and d.
10
Let g = -964 + 987. What is the greatest common divisor of 1541 and g?
23
Let t = 12 + 15. Let p be (-288)/8 - 0/(-1). Let j = 39 + p. Calculate the highest common factor of t and j.
3
Let x(s) = s**3 - s - 188. Let i be x(0). Let q be i*(0 - 1/2). Suppose 5*b - q = -4. Calculate the greatest common divisor of 9 and b.
9
Suppose 2*i = -2*i + 8. Let a(f) = 7*f**3 - f. Let v be a(i). Let r = 622 - 604. What is the highest common factor of v and r?
18
Suppose -5*h - 2122 = -4*m - 0*m, -5*m + 2673 = 4*h. What is the greatest common divisor of 41 and m?
41
Suppose -5*x - 150 = -5*b, 4*x - 4*b = -3*b - 120. Let a = x + 95. Suppose 7*d - 2*d = 5*m - a, 3*d = -5*m + 81. What is the highest common divisor of 5 and m?
5
Let y(c) = c**2 + 30*c + 143. Let v be y(-25). Calculate the greatest common divisor of 207 and v.
9
Let p = -139 - -314. Let c be ((-140)/p)/((-4)/70). Suppose -j + w = -9, 2*j - 3*w + 71 = 6*j. Calculate the greatest common factor of c and j.
14
Suppose 6*t + 400 = 14*t. Calculate the highest common divisor of t and 1600.
50
Let a(x) = x**2 + 2*x + 31. Let b(p) = -p - 6. Let q be b(-6). Let d be a(q). What is the highest common divisor of d and 341?
31
Let j(o) = 636*o**3 - 2*o**2 + o + 2. Let t be j(1). What is the greatest common divisor of 13 and t?
13
Let k = 176 - 116. Calculate the greatest common factor of k and 80.
20
Let r be ((-28)/(-21))/((-12)/(-18)). What is the highest common divisor of 122 and r?
2
Let q be 2 + 2 + (-6 - -2). Suppose 0*j + 4*j - 52 = q. Suppose x + 2*i - j = 0, 5*x + 14 - 64 = -5*i. Calculate the greatest common factor of x and 56.
7
Let n(w) = -w + 5. Let k be n(-18). Calculate the highest common divisor of 23 and k.
23
Let n = -148 + 103. Let h = n + 50. What is the highest common factor of h and 3?
1
Suppose 5*z - 3773 = -2*z. Calculate the highest common divisor of z and 49.
49
Let d(c) = 21*c + 18. Let u be d(3). Calculate the highest common divisor of u and 9.
9
Let q be (-15)/6*(-8)/10. Suppose -3*j = -4*b + 291, -q*b + 0*b = -2*j - 144. What is the greatest common factor of 15 and b?
15
Suppose -a - 820 = -963. What is the greatest common divisor of a and 13?
13
Let x(r) = -8*r + 74. Let n be x(8). What is the greatest common factor of 55 and n?
5
Suppose 0 = 5*s - s - 140. Suppose -14 = -2*p - 105*v + 103*v, -2*p + 5*v + 14 = 0. What is the greatest common divisor of s and p?
7
Let d(i) = -i**2 - 11*i + 83. Let g be d(0). Calculate the highest common factor of g and 1992.
83
Suppose -3 = q - 8. Suppose -7*n + 30 = 5*c - 2*n, 0 = q*c + n - 18. Let u be 6/2 + 186/c. Calculate the highest common divisor of u and 26.
13
Suppose -14*z = -9*z - 290. What is the greatest common factor of 4 and z?
2
Let i be 4/(4 + -8) - -3. Suppose 4*n - 174 = i*s, -n - s + 26 = -5*s. Let l = 132 + -63. Calculate the greatest common divisor of n and l.
23
Let n = 416 + -376. What is the highest common factor of 10 and n?
10
Suppose 0*g - 4*g - 3*f + 852 = 0, -4*g + 868 = -f. Let l be g/(-1 - -4) + -2. Calculate the greatest common factor of 14 and l.
14
Let y be -2 + (0/((-3)/1) - -2). Suppose -8*x + 10*x - 164 = y. Calculate the greatest common factor of 41 and x.
41
Let p(u) = -u**3 + u**2 + 9*u + 12. Let m be p(6). Let d = -84 - m. What is the greatest common divisor of 210 and d?
30
Let r(o) = o**2 - o + 23. Let u be r(0). Suppose -21*k + u*k = 92. Calculate the greatest common divisor of k and 115.
23
Let l = -72 - -101. Suppose -l*p + 34*p - 105 = 0. Calculate the greatest common divisor of 168 and p.
21
Let m be -191 - (-1 + (-3)/(-2))*2. Let u = m + 423. What is the greatest common divisor of 33 and u?
33
Suppose 8*y = -58*y + 105468. Calculate the highest common divisor of y and 94.
94
Suppose -92 = -5*v + w, 8*v = 11*v - 2*w - 51. What is the highest common divisor of 437 and v?
19
Let l = 73 - 20. Let b = 66 - l. What is the greatest common divisor of b and 52?
13
Let l = 11 - -49. Calculate the highest common factor of l and 15.
15
Let y(j) = -3*j**3 - 3*j**2 + 1. Suppose 0 - 10 = 5*u. Let p be y(u). Suppose 85 + 45 = 2*k. What is the greatest common divisor of p and k?
13
Let h = 21 + -21. Suppose -4*a + a + 81 = h. What is the greatest common divisor of 9 and a?
9
Let n be 1/(-5) + (-108)/(-15). Let a = -1 + 4. Suppose w - q + 2 = -w, 4*q - 19 = -a*w. What is the highest common factor of w and n?
1
Let u(n) = -3*n - 1. Let p(k) = 8*k + 3. Let y be p(-1). Let i be u(y). What is the greatest common factor of 28 and i?
14
Let k(w) = -3*w + 57. Let f be k(18). Let l(y) = 8*y + 6. Let m be l(f). Calculate the greatest common divisor of m and 330.
30
Let d be 40/15 - (-8)/6. Suppose 0 = z + 1, d*i + z = -3*z + 44. Calculate the greatest common factor of 84 and i.
12
Let v be ((-3)/(-2))/(21/28). Suppose 5*n = 5*u - 35, 0 = 2*n - v*u + 7*u. Let g be (-164 + 4)*2/n. What is the highest common divisor of 32 and g?
32
Suppose 4*h + 169 + 87 = 0. Let v = h - -46. Let c = v - -36. What is the greatest common factor of c and 45?
9
Suppose 9*w - 1854 = 3393. What is the greatest common factor of 53 and w?
53
Suppose 87*a + 49 = 94*a. Calculate the highest common divisor of a and 119.
7
Suppose -45 = -3*s - 3*x, -28*x = -24*x - 12. What is the highest common factor of s and 84?
12
Suppose 21*s - 1596